
5, 2243
List the prime factors of 307.
307
List the prime factors of 343.
7
What are the prime factors of 29143?
151, 193
What are the prime factors of 45726?
2, 3, 7621
What are the prime factors of 1061?
1061
What are the prime factors of 3535?
5, 7, 101
What are the prime factors of 1646?
2, 823
What are the prime factors of 9901?
9901
What are the prime factors of 5929?
7, 11
List the prime factors of 4276.
2, 1069
What are the prime factors of 25218?
2, 3, 467
What are the prime factors of 12743?
12743
What are the prime factors of 1326?
2, 3, 13, 17
List the prime factors of 11225.
5, 449
What are the prime factors of 2301?
3, 13, 59
What are the prime factors of 1941?
3, 647
List the prime factors of 6189.
3, 2063
List the prime factors of 6177.
3, 29, 71
What are the prime factors of 16300?
2, 5, 163
What are the prime factors of 21110?
2, 5, 2111
List the prime factors of 22203.
3, 2467
What are the prime factors of 1023?
3, 11, 31
List the prime factors of 154679.
7, 19, 1163
List the prime factors of 1188.
2, 3, 11
What are the prime factors of 1080?
2, 3, 5
What are the prime factors of 6551?
6551
List the prime factors of 1117.
1117
List the prime factors of 410.
2, 5, 41
What are the prime factors of 425?
5, 17
List the prime factors of 10013.
17, 19, 31
List the prime factors of 1908.
2, 3, 53
What are the prime factors of 20402?
2, 101
List the prime factors of 33355.
5, 7, 953
What are the prime factors of 27796?
2, 6949
List the prime factors of 338.
2, 13
List the prime factors of 3569.
43, 83
What are the prime factors of 164678?
2, 82339
List the prime factors of 1091.
1091
List the prime factors of 10412.
2, 19, 137
What are the prime factors of 1104?
2, 3, 23
List the prime factors of 5417.
5417
List the prime factors of 3616.
2, 113
What are the prime factors of 200?
2, 5
What are the prime factors of 2367?
3, 263
What are the prime factors of 17148?
2, 3, 1429
List the prime factors of 372.
2, 3, 31
What are the prime factors of 5142?
2, 3, 857
What are the prime factors of 35654?
2, 17827
List the prime factors of 507.
3, 13
List the prime factors of 69231.
3, 47, 491
What are the prime factors of 1309?
7, 11, 17
List the prime factors of 11806.
2, 5903
List the prime factors of 19012.
2, 7, 97
List the prime factors of 791.
7, 113
List the prime factors of 18511.
107, 173
What are the prime factors of 35111?
35111
What are the prime factors of 1282?
2, 641
What are the prime factors of 600?
2, 3, 5
What are the prime factors of 7634?
2, 11, 347
List the prime factors of 1381.
1381
List the prime factors of 146592.
2, 3, 509
List the prime factors of 142359.
3, 7, 6779
List the prime factors of 170868.
2, 3, 29, 491
What are the prime factors of 40427?
40427
What are the prime factors of 3966?
2, 3, 661
List the prime factors of 2113.
2113
What are the prime factors of 821?
821
List the prime factors of 74877.
3, 11, 2269
What are the prime factors of 1651?
13, 127
List the prime factors of 48868.
2, 19, 643
List the prime factors of 8840.
2, 5, 13, 17
What are the prime factors of 10738?
2, 7, 13, 59
List the prime factors of 2330.
2, 5, 233
What are the prime factors of 84143?
84143
What are the prime factors of 626?
2, 313
List the prime factors of 1767.
3, 19, 31
What are the prime factors of 1944?
2, 3
What are the prime factors of 122515?
5, 107, 229
List the prime factors of 1171.
1171
What are the prime factors of 7395?
3, 5, 17, 29
List the prime factors of 2091.
3, 17, 41
List the prime factors of 174.
2, 3, 29
What are the prime factors of 718?
2, 359
List the prime factors of 10034.
2, 29, 173
List the prime factors of 2405.
5, 13, 37
List the prime factors of 12516.
2, 3, 7, 149
List the prime factors of 704.
2, 11
List the prime factors of 234.
2, 3, 13
What are the prime factors of 124?
2, 31
List the prime factors of 8524.
2, 2131
List the prime factors of 10.
2, 5
List the prime factors of 7784.
2, 7, 139
List the prime factors of 40563.
3, 4507
What are the prime factors of 18141?
3, 6047
List the prime factors of 890.
2, 5, 89
What are the prime factors of 457?
457
List the prime factors of 1498.
2, 7, 107
List the prime factors of 2357.
2357
What are the prime factors of 2932?
2, 733
What are the prime factors of 240?
2, 3, 5
List the prime factors of 2656.
2, 83
List the prime factors of 68188.
2, 17047
List the prime factors of 239.
239
What are the prime factors of 108?
2, 3
List the prime factors of 8327.
11, 757
What are the prime factors of 1822?
2, 911
What are the prime factors of 6031?
37, 163
What are the prime factors of 6121?
6121
What are the prime factors of 6176?
2, 193
What are the prime factors of 2548?
2, 7, 13
What are the prime factors of 159?
3, 53
What are the prime factors of 122411?
167, 733
What are the prime factors of 7077?
3, 7, 337
What are the prime factors of 2059?
29, 71
List the prime factors of 4706.
2, 13, 181
List the prime factors of 1936.
2, 11
What are the prime factors of 1108?
2, 277
List the prime factors of 3365.
5, 673
What are the prime factors of 10606?
2, 5303
What are the prime factors of 1533?
3, 7, 73
What are the prime factors of 20217?
3, 23, 293
List the prime factors of 75562.
2, 37781
List the prime factors of 94917.
3, 29, 1091
What are the prime factors of 2722?
2, 1361
What are the prime factors of 460?
2, 5, 23
List the prime factors of 7380.
2, 3, 5, 41
List the prime factors of 49152.
2, 3
List the prime factors of 1369.
37
List the prime factors of 46223.
17, 2719
What are the prime factors of 19647?
3, 37, 59
What are the prime factors of 395?
5, 79
What are the prime factors of 523?
523
List the prime factors of 46211.
11, 4201
What are the prime factors of 63948?
2, 3, 73
List the prime factors of 5145.
3, 5, 7
What are the prime factors of 3507?
3, 7, 167
What are the prime factors of 2976?
2, 3, 31
What are the prime factors of 56309?
11, 5119
List the prime factors of 182134.
2, 19, 4793
What are the prime factors of 46385?
5, 9277
List the prime factors of 16456.
2, 11, 17
What are the prime factors of 1131?
3, 13, 29
What are the prime factors of 1947?
3, 11, 59
List the prime factors of 54347.
54347
List the prime factors of 672.
2, 3, 7
List the prime factors of 12866.
2, 7, 919
List the prime factors of 4759.
4759
List the prime factors of 35.
5, 7
List the prime factors of 6408.
2, 3, 89
What are the prime factors of 33404?
2, 7, 1193
List the prime factors of 89475.
3, 5, 1193
List the prime factors of 73812.
2, 3, 6151
List the prime factors of 702.
2, 3, 13
What are the prime factors of 5082?
2, 3, 7, 11
List the prime factors of 824.
2, 103
List the prime factors of 14717.
14717
List the prime factors of 4267.
17, 251
List the prime factors of 1326.
2, 3, 13, 17
What are the prime factors of 33879?
3, 23, 491
What are the prime factors of 9233?
7, 1319
List the prime factors of 1744.
2, 109
List the prime factors of 181888.
2, 7, 29
List the prime factors of 31970.
2, 5, 23, 139
List the prime factors of 3634.
2, 23, 79
What are the prime factors of 14830?
2, 5, 1483
What are the prime factors of 7173?
3, 797
What are the prime factors of 3539?
3539
What are the prime factors of 11968?
2, 11, 17
List the prime factors of 4400.
2, 5, 11
List the prime factors of 562.
2, 281
List the prime factors of 2247.
3, 7, 107
What are the prime factors of 8603?
7, 1229
What are the prime factors of 24128?
2, 13, 29
What are the prime factors of 360?
2, 3, 5
List the prime factors of 68678.
2, 23, 1493
What are the prime factors of 7279?
29, 251
What are the prime factors of 13709?
13709
What are the prime factors of 40779?
3, 23, 197
List the prime factors of 102630.
2, 3, 5, 11, 311
List the prime factors of 2784.
2, 3, 29
List the prime factors of 621.
3, 23
List the prime factors of 112088.
2, 14011
What are the prime factors of 662?
2, 331
What are the prime factors of 113526?
2, 3, 7, 17, 53
What are the prime factors of 724?
2, 181
List the prime factors of 5628.
2, 3, 7, 67
What are the prime factors of 660?
2, 3, 5, 11
List the prime factors of 2337.
3, 19, 41
What are the prime factors of 8179?
8179
List the prime factors of 14590.
2, 5, 1459
List the prime factors of 1451.
1451
What are the prime factors of 8419?
8419